 - -3*(-2)/(-3)?
9
Suppose 3*j - 18 = -j - 2*i, i = 4*j - 15. Suppose j*x = -5*t + 225, x + 2*x = 2*t - 113. Let u = -25 - -42. What is the remainder when t is divided by u?
15
Let f = -11 + 15. Let d = 2 + -2. Let o = d + f. Calculate the remainder when o is divided by 3.
1
Let a = -3 + 7. Suppose a*l = -l - 10. Let q = l - -7. Calculate the remainder when 8 is divided by q.
3
Let c = -10 - -15. Let n be (-10)/25 - (-92)/c. Let q = n + -2. Calculate the remainder when 46 is divided by q.
14
Let z = 1 + -4. Let f = z - 4. Let o(b) = b**3 + 7*b**2 - 3*b - 9. What is the remainder when 45 is divided by o(f)?
9
Let s(k) = -k**2 + k + 16. Calculate the remainder when 31 is divided by s(0).
15
Suppose -2*u = 2*u + 4. Let q be -4*u/2*1. Let j = q + 14. Calculate the remainder when 47 is divided by j.
15
Let d(n) = n**3 + 6*n**2 - n + 2. Let v be d(-6). Calculate the remainder when (-18)/(-4) - (-4)/v is divided by 4.
1
Suppose -2*r + 124 = -32. What is the remainder when r is divided by 20?
18
Let o(j) = j**2 + 11*j + 16. What is the remainder when o(-11) is divided by 10?
6
Let z(g) = g**3 + 1. Let l(y) = -y - 1. What is the remainder when l(-7) is divided by z(1)?
0
Suppose 0 = 34*t - 39*t + 105. What is the remainder when 166 is divided by t?
19
Suppose 2*v - b = 11, -2*b = -7 - 3. What is the remainder when v is divided by 4?
0
Let y = -53 + -1. Let z = -35 - y. Let s = 16 - 5. Calculate the remainder when z is divided by s.
8
Calculate the remainder when 78 is divided by (8/(-5)*4)/(8/(-20)).
14
Suppose -4 = 3*f - 4*f. Suppose -f*p + 3*p = -26. Suppose -q - 4 = 3*o - 33, 4*q - 35 = -3*o. What is the remainder when p is divided by o?
8
Calculate the remainder when 7 is divided by 2 - 2/4*-6.
2
Let o be (-16 - 0)*13/(-4). What is the remainder when 4 is divided by o/13 - (1 + 0)?
1
Let z(o) = -45*o + 2. What is the remainder when z(-3) is divided by 28?
25
Suppose 2*o = 5*l - 439, -l = 4*l - 5*o - 445. Calculate the remainder when l is divided by 8.
7
Suppose 7 + 8 = 5*l. Suppose -6*v = -v - 2*i - 26, -l*v - 2*i + 22 = 0. What is the remainder when v is divided by 2?
0
Let l be (-2 - 2)*18/8. Calculate the remainder when 8 is divided by (l - 1)*(-2)/4.
3
Suppose 2*x + 12 = 6*x. Suppose 3*y = -5*i + 60, 0*i + i = -x*y + 24. Suppose 98 = 2*f + 32. Calculate the remainder when f is divided by i.
6
Let u(w) = w**2 + 3*w + 2. Let g = -18 - -35. What is the remainder when g is divided by u(-4)?
5
Let d(c) = c**2 - 2*c - 10. Suppose 9 = y + 2*u, y - 19 = -2*y + 2*u. Calculate the remainder when d(y) is divided by (-2961)/(-231) + (-4)/(-22).
12
Suppose -9*y - 2*y = -946. Calculate the remainder when y is divided by 22.
20
Let z(h) = h**2 - 4*h - 8. Suppose 0 = -4*c + 5*n + 11 + 17, 0 = n. Calculate the remainder when z(c) is divided by 7.
6
Suppose -5*g = -h - 307, -5*g + 56 = -4*g - 2*h. Let y = 96 - g. Calculate the remainder when y is divided by 12.
10
Let u(b) = 7*b**2 - 4*b. Calculate the remainder when 179 is divided by u(-2).
35
Let t = 3 - 2. Suppose 0 = 5*n - 15 - 10. Suppose 5*p = 5*k + 5 - 0, t = 3*p - n*k. Calculate the remainder when p is divided by 2.
0
Let h(x) = 3*x - 4. Let r be h(3). Suppose 3*o - 5*t - 30 = 59, 99 = r*o + 4*t. What is the remainder when o is divided by 12?
11
Suppose -2*f - 4 = -3*f. Let a(k) = 26*k - 3. Let i be a(f). Let c = -61 + i. What is the remainder when c is divided by 14?
12
Let u(f) = -8*f - 2. Suppose -3*a + 5*j + 34 = -110, 5*a = -5*j + 200. Suppose 0 = 3*k, -4*p - 2*k + a = -3*p. What is the remainder when p is divided by u(-3)?
21
What is the remainder when 31 + (3 - 3) + 2 is divided by 18?
15
Let f(v) = -5*v**3 + 5*v**2 + 3*v - 12. Let n(a) = -a**3 + a**2 + a + 1. Let z(q) = -f(q) + 4*n(q). What is the remainder when 30 is divided by z(0)?
14
Calculate the remainder when 1148/20 - (-3)/5 is divided by 15.
13
Suppose -44*p + 47*p - 432 = 0. Calculate the remainder when p is divided by 37.
33
Suppose 4*i = 18*i - 546. Calculate the remainder when 74 is divided by i.
35
Let j(t) = -t**2 - 4*t + 5. Let o be j(-4). Suppose 4*u + 18 = o*y - 24, 0 = -4*u + 8. Calculate the remainder when y is divided by 4.
2
Let u(h) = h**2 - 4*h + 5. Let j be u(4). Let n = j - 2. What is the remainder when 10 is divided by n?
1
Suppose 0 = -w - 2*p + 4, 0*w + p - 8 = w. Let u(o) = o + 5. Let z be u(w). Let s(i) = 14*i**3. Calculate the remainder when 25 is divided by s(z).
11
Let w be -1 + (-1)/2*2. Let y = 49 - 45. What is the remainder when y is divided by 1*w + 4/1?
0
Let u(c) be the third derivative of -c**4/4 - c**3/2 + 2*c**2. What is the remainder when 40 is divided by u(-4)?
19
Let o(b) = 96*b**3 - b + 2. What is the remainder when o(1) is divided by 25?
22
Suppose -z - 6 = -4*z. What is the remainder when 4 is divided by z?
0
Let u(m) = m**2 + 2. Let k be u(0). Calculate the remainder when 12/k*(-15)/(-5) is divided by 10.
8
Let n = 7 - 28. Let k = n - -36. Calculate the remainder when k is divided by 8.
7
Suppose 4 = g - 3. Calculate the remainder when g is divided by 5.
2
Suppose 2*q = 2*n - 52, 34 = n + q - 6*q. Let h(b) be the third derivative of b**4/24 + 5*b**3/6 - b**2. Calculate the remainder when n is divided by h(4).
6
Suppose -w + 67 - 24 = 0. Calculate the remainder when w is divided by (-4)/(4/(-15)) - 0.
13
Let t(u) = 2*u - 5. Let b be t(6). Let p(j) = 1. Let g(l) = l + 4. Let a(q) = 2*g(q) - 4*p(q). What is the remainder when a(b) is divided by 10?
8
Suppose -5*t + 2*r + 1578 = -2*r, 4*t = 2*r + 1260. Suppose 0 = -5*o + t + 31. What is the remainder when o is divided by 18?
15
Let k = -2 + -1. Let f = 14 - k. What is the remainder when f is divided by 6?
5
Let k = 84 + -126. Let q = 63 + k. Calculate the remainder when q is divided by 6.
3
Calculate the remainder when 43 is divided by (-3 + 2/(-3))/(1/(-3)).
10
Let n(d) = -d**3 - 5*d**2 - 4*d + 5. Let i(a) = a**3 + 12*a**2 - 15*a - 17. Calculate the remainder when i(-13) is divided by n(-4).
4
Let p(j) = 3*j**2 + 5*j + 4. What is the remainder when 63 is divided by p(-3)?
15
Suppose -5*k + 81 = 4*v, -k - 5 = -5*v + 2. Calculate the remainder when k is divided by 8.
5
Suppose -118 = -5*p - 338. Calculate the remainder when 57 is divided by p/(-3) - (-2)/6.
12
Let j(y) = 0*y - 4*y + 5*y - 2*y + 1 + 23*y**2. What is the remainder when 44 is divided by j(1)?
21
Suppose 3*p = 7 + 8. Suppose 14 = -p*g - 6. What is the remainder when 37 is divided by 1*g + 3 + 14?
11
Suppose -3*h + 5 + 46 = 0. What is the remainder when h is divided by 7?
3
Let l = 7 - 4. Suppose -55 = -2*c - l*c. What is the remainder when ((-31)/(-3))/(1/3) is divided by c?
9
Let j(u) = u**2 - 38. Let q be j(0). Let z be 2/(-9) - q/9. Suppose z*c + 4 = 6*c. What is the remainder when 4 is divided by c?
0
Suppose 5*y + 18 = 6*y. What is the remainder when 71 is divided by y?
17
Let o = 5 + 1. Let x(b) = 2*b**2 - 7*b + 5. What is the remainder when x(o) is divided by (12/5)/(1/5)?
11
Let c = -70 - -418. Calculate the remainder when c/8 + (-2)/4 is divided by 11.
10
Let d = 72 - 41. Calculate the remainder when d is divided by 8.
7
Suppose 2*c + 45 = -3*c. Let l(g) = -2*g**2 + 6*g - 6. Let o be l(5). Let p = c - o. Calculate the remainder when p is divided by 6.
5
Let z = 46 + -25. Let i = 21 - 15. Calculate the remainder when z is divided by i.
3
Let t(f) = -f**3 - 2*f**2 + 5*f. Let u(p) = 8*p + 37. What is the remainder when t(-4) is divided by u(-4)?
2
Let v(i) = 6*i + 80. Calculate the remainder when v(0) is divided by 32.
16
Let x = 10 - -1. Calculate the remainder when 65 is divided by x.
10
Suppose -o = 4*d + 39, d - 3*o = -0*d. Let h be 12/d*18/(-4). Let y(i) = -i**3 + 7*i**2 - 3*i + 5. What is the remainder when y(h) is divided by 12?
11
Let m(f) = 2*f**2. Suppose 2*b + 1 - 3 = 0. Calculate the remainder when m(b) is divided by 2.
0
Suppose -c + 275 = 5*p + c, -3*c + 213 = 4*p. What is the remainder when 170 is divided by p?
56
Let j(k) = -k**3 - 10*k**2 + 12*k + 17. What is the remainder when 11 is divided by j(-11)?
5
Let w be (-4)/(2 - (-29)/(-14)). Suppose -3*p = 2*v + v - 36, -5*v = p - w. What is the remainder when 42 is divided by v?
9
Let t(i) = 23*i + 4. What is the remainder when t(3) is divided by 19?
16
Suppose k = 3*t - 3, -4*t = -5*k - 7 - 8. Suppose o - 81 = -t*o